 1125?
9
Calculate the highest common factor of 31 and 16213.
31
Calculate the highest common divisor of 3 and 19.
1
What is the highest common factor of 2 and 18?
2
What is the greatest common divisor of 228 and 48?
12
What is the highest common divisor of 30 and 105?
15
What is the greatest common factor of 102 and 36924?
102
What is the greatest common factor of 260 and 220?
20
What is the highest common factor of 36 and 156?
12
What is the greatest common divisor of 2726 and 58?
58
What is the greatest common factor of 246 and 328?
82
Calculate the greatest common divisor of 473 and 344.
43
Calculate the greatest common factor of 979 and 11.
11
What is the greatest common factor of 16 and 1888?
16
What is the highest common divisor of 270 and 80?
10
Calculate the greatest common factor of 305 and 20435.
305
What is the greatest common divisor of 2875 and 23?
23
What is the greatest common factor of 18580 and 5?
5
Calculate the highest common divisor of 57 and 19.
19
Calculate the highest common divisor of 550 and 450.
50
What is the greatest common divisor of 7866 and 18?
18
What is the highest common divisor of 56 and 420?
28
What is the highest common divisor of 98 and 7?
7
Calculate the greatest common divisor of 1235 and 1755.
65
Calculate the greatest common divisor of 4544 and 576.
64
What is the highest common divisor of 56 and 7364?
28
Calculate the greatest common factor of 380 and 76.
76
What is the greatest common factor of 143 and 407?
11
Calculate the greatest common factor of 600 and 120.
120
Calculate the greatest common factor of 759 and 66.
33
Calculate the greatest common divisor of 318 and 10282.
106
Calculate the highest common factor of 16 and 5.
1
Calculate the highest common factor of 464 and 1508.
116
Calculate the highest common factor of 99 and 572.
11
Calculate the greatest common divisor of 370 and 18685.
185
What is the highest common divisor of 6 and 666?
6
Calculate the greatest common factor of 3104 and 679.
97
Calculate the greatest common factor of 36 and 9.
9
What is the highest common factor of 1148 and 2?
2
What is the highest common divisor of 1008 and 6174?
126
Calculate the highest common divisor of 6375 and 68.
17
What is the greatest common factor of 494 and 684?
38
What is the highest common divisor of 150 and 20?
10
What is the greatest common divisor of 5335 and 385?
55
Calculate the greatest common factor of 105 and 110.
5
What is the highest common factor of 5285 and 210?
35
Calculate the greatest common factor of 2047 and 23.
23
What is the greatest common factor of 684 and 2964?
228
Calculate the greatest common factor of 4 and 548.
4
Calculate the greatest common divisor of 240 and 336.
48
What is the greatest common divisor of 357 and 51?
51
Calculate the highest common factor of 244 and 1159.
61
Calculate the highest common divisor of 86 and 2494.
86
What is the greatest common factor of 266 and 4123?
133
Calculate the greatest common factor of 70 and 2110.
10
What is the greatest common factor of 1989 and 91?
13
What is the greatest common factor of 4182 and 408?
102
What is the greatest common factor of 30656 and 24?
8
What is the greatest common factor of 95 and 76?
19
What is the greatest common factor of 6309 and 18?
9
What is the greatest common divisor of 132 and 348?
12
What is the greatest common divisor of 96 and 24?
24
Calculate the greatest common factor of 172 and 1376.
172
What is the highest common factor of 1875 and 75?
75
Calculate the highest common factor of 2 and 27.
1
What is the highest common factor of 36 and 81?
9
Calculate the highest common divisor of 18 and 10.
2
What is the greatest common divisor of 15 and 245?
5
What is the highest common divisor of 68 and 2261?
17
Calculate the greatest common factor of 30 and 90.
30
Calculate the greatest common factor of 1758 and 6.
6
Calculate the highest common factor of 110 and 130.
10
What is the highest common divisor of 132 and 1320?
132
What is the greatest common factor of 2175 and 375?
75
Calculate the greatest common factor of 896 and 497.
7
What is the highest common factor of 484 and 44?
44
What is the greatest common divisor of 104 and 1742?
26
Calculate the highest common factor of 1807 and 13.
13
Calculate the greatest common divisor of 288 and 1944.
72
What is the highest common divisor of 45 and 360?
45
Calculate the highest common divisor of 52 and 19799.
13
Calculate the highest common factor of 388 and 7081.
97
What is the greatest common divisor of 884 and 468?
52
Calculate the greatest common divisor of 15 and 501.
3
Calculate the greatest common divisor of 32 and 976.
16
What is the highest common factor of 42 and 8806?
14
Calculate the highest common factor of 1275 and 170.
85
Calculate the greatest common divisor of 6198 and 6.
6
What is the highest common factor of 51 and 323?
17
What is the greatest common divisor of 17 and 47617?
17
Calculate the highest common divisor of 230 and 966.
46
What is the highest common factor of 7 and 63?
7
What is the greatest common divisor of 48 and 11808?
48
What is the highest common factor of 2 and 86?
2
Calculate the highest common factor of 400 and 75.
25
Calculate the greatest common factor of 1600 and 300.
100
Calculate the highest common factor of 178 and 4.
2
Calculate the highest common factor of 245 and 5075.
35
What is the highest common divisor of 1612 and 208?
52
What is the greatest common divisor of 126 and 28?
14
Calculate the highest common divisor of 26 and 78.
26
Calculate the greatest common factor of 11 and 1331.
11
Calculate the highest common factor of 18 and 810.
18
What is the highest common factor of 192 and 12?
12
Calculate the greatest common factor of 592 and 37.
37
Calculate the highest common divisor of 26773 and 82.
41
Calculate the highest common factor of 85 and 8993.
17
What is the highest common factor of 30 and 25?
5
Calculate the highest common factor of 5 and 205.
5
Calculate the highest common factor of 19750 and 500.
250
Calculate the highest common factor of 264 and 968.
88
What is the greatest common factor of 1914 and 6960?
174
Calculate the greatest common divisor of 205 and 45.
5
Calculate the highest common factor of 266 and 152.
38
Calculate the highest common divisor of 27 and 999.
27
Calculate the highest common divisor of 56 and 6412.
28
What is the greatest common divisor of 60 and 645?
15
Calculate the highest common factor of 330 and 12375.
165
Calculate the highest common divisor of 10419 and 69.
69
What is the greatest common factor of 13 and 117?
13
Calculate the highest common divisor of 22672 and 624.
208
What is the greatest common divisor of 55 and 22?
11
Calculate the greatest common divisor of 4394 and 130.
26
Calculate the greatest common divisor of 2419 and 123.
41
What is the greatest common divisor of 10688 and 64?
64
Calculate the highest common factor of 266 and 646.
38
What is the highest common factor of 432 and 24?
24
What is the highest common divisor of 54 and 45?
9
What is the greatest common divisor of 27525 and 50?
25
Calculate the greatest common divisor of 98 and 70.
14
What is the greatest common divisor of 5 and 240?
5
Calculate the greatest common divisor of 12 and 444.
12
What is the highest common divisor of 4 and 898?
2
Calculate the highest common factor of 7412 and 68.
68
What is the greatest common divisor of 234 and 1209?
39
What is the highest common divisor of 2 and 138?
2
What is the highest common factor of 638 and 290?
58
What is the greatest common factor of 410 and 10?
10
What is the highest common factor of 1013 and 3?
1
What is the greatest common factor of 390 and 1650?
30
Calculate the highest common factor of 2814 and 536.
134
Calculate the highest common divisor of 60 and 420.
60
What is the greatest common divisor of 1179 and 9?
9
Calculate the highest common divisor of 3 and 177.
3
Calculate the highest common divisor of 62 and 3751.
31
Calculate the greatest common divisor of 5 and 56585.
5
What is the highest common divisor of 42 and 336?
42
What is the greatest common divisor of 2674 and 42?
14
Calculate the highest common divisor of 136218 and 438.
438
What is the greatest common divisor of 816 and 32?
16
What is the greatest common divisor of 663 and 